iple of 28?
False
Is 2815 a multiple of 36?
False
Is 33 a factor of 429?
True
Is 18 a multiple of 9?
True
Is 8177 a multiple of 93?
False
Is 57 a factor of 228?
True
Is 1955 a multiple of 41?
False
Does 158 divide 6892?
False
Does 36 divide 1008?
True
Is 31 a factor of 403?
True
Does 29 divide 1073?
True
Is 20 a factor of 568?
False
Does 20 divide 49340?
True
Is 40 a factor of 2110?
False
Does 41 divide 6040?
False
Does 4 divide 444?
True
Does 53 divide 5840?
False
Is 19076 a multiple of 251?
True
Is 3 a factor of 1230?
True
Is 527 a multiple of 11?
False
Is 16 a factor of 5536?
True
Does 63 divide 691?
False
Is 3337 a multiple of 47?
True
Is 7 a factor of 46888?
False
Is 12835 a multiple of 14?
False
Is 11 a factor of 5003?
False
Does 13 divide 8751?
False
Is 4 a factor of 106?
False
Is 87 a multiple of 13?
False
Is 20 a factor of 380?
True
Does 7 divide 5020?
False
Is 2944 a multiple of 16?
True
Is 8397 a multiple of 195?
False
Is 23 a factor of 8276?
False
Is 7 a factor of 4795?
True
Does 3 divide 417?
True
Does 10 divide 524?
False
Does 3 divide 8971?
False
Does 50 divide 2100?
True
Does 13 divide 6396?
True
Does 49 divide 2695?
True
Does 10 divide 2632?
False
Does 175 divide 24850?
True
Is 2122 a multiple of 6?
False
Is 58 a factor of 9338?
True
Is 2262 a multiple of 5?
False
Is 1651 a multiple of 22?
False
Is 812 a multiple of 4?
True
Is 225 a multiple of 75?
True
Is 15544 a multiple of 35?
False
Is 51 a multiple of 19?
False
Does 17 divide 8871?
False
Is 2540 a multiple of 164?
False
Does 23 divide 2607?
False
Does 142 divide 1964?
False
Is 84 a factor of 3198?
False
Is 35 a multiple of 9?
False
Is 3370 a multiple of 55?
False
Does 25 divide 4875?
True
Does 45 divide 800?
False
Is 17171 a multiple of 23?
False
Does 91 divide 2821?
True
Does 15 divide 4185?
True
Is 20 a factor of 580?
True
Is 4180 a multiple of 8?
False
Is 39 a factor of 1187?
False
Is 19099 a multiple of 71?
True
Is 10836 a multiple of 63?
True
Is 5 a factor of 6315?
True
Is 56 a factor of 10674?
False
Is 1407 a multiple of 21?
True
Does 38 divide 5937?
False
Does 10 divide 68970?
True
Does 15 divide 1620?
True
Is 2 a factor of 927?
False
Does 14 divide 1540?
True
Is 1106 a multiple of 18?
False
Does 28 divide 19235?
False
Is 607 a multiple of 86?
False
Is 12 a factor of 1932?
True
Is 12 a factor of 12?
True
Is 3 a factor of 147?
True
Is 140 a multiple of 28?
True
Does 85 divide 4335?
True
Is 5 a factor of 185?
True
Is 1323 even?
False
Is 42360 a multiple of 8?
True
Does 4 divide 4074?
False
Does 7 divide 15876?
True
Is 13 a factor of 71?
False
Does 25 divide 7109?
False
Does 55 divide 1210?
True
Does 66 divide 5753?
False
Does 94 divide 78066?
False
Is 960 a multiple of 16?
True
Is 2628 a multiple of 12?
True
Does 26 divide 390?
True
Does 58 divide 50837?
False
Is 217 a factor of 36100?
False
Is 1049 a multiple of 23?
False
Is 17 a factor of 259?
False
Is 4 a factor of 19297?
False
Is 24080 a multiple of 20?
True
Is 407 a multiple of 21?
False
Is 726 a multiple of 11?
True
Does 59 divide 5015?
True
Is 6 a factor of 1374?
True
Is 6 a factor of 1171?
False
Is 38 a factor of 252?
False
Is 45 a factor of 161?
False
Does 79 divide 11060?
True
Is 76 a factor of 3070?
False
Does 179 divide 45824?
True
Does 10 divide 13599?
False
Is 288 a multiple of 12?
True
Does 60 divide 660?
True
Is 6 a factor of 288?
True
Does 67 divide 1943?
True
Does 57 divide 3719?
False
Is 18 a factor of 699?
False
Does 22 divide 1938?
False
Does 10 divide 134?
False
Is 119 a factor of 13645?
False
Is 383 a multiple of 2?
False
Is 124 a factor of 36952?
True
Does 11 divide 1564?
False
Is 18 a factor of 3905?
False
Is 756 a multiple of 2?
True
Is 14 a factor of 48?
False
Is 94 a multiple of 3?
False
Does 5 divide 17608?
False
Does 21 divide 4536?
True
Does 139 divide 8825?
False
Is 27 a factor of 1405?
False
Is 54 even?
True
Does 114 divide 15616?
False
Does 34 divide 2954?
False
Is 70 a factor of 12880?
True
Is 11152 a multiple of 41?
True
Does 2 divide 1995?
False
Is 47 a factor of 2632?
True
Is 22 a factor of 23672?
True
Does 54 divide 36554?
False
Is 39051 a multiple of 9?
True
Is 4081 a multiple of 11?
True
Does 4 divide 323?
False
Does 12 divide 1355?
False
Is 150 a multiple of 3?
True
Is 105 a factor of 47250?
True
Is 95 a factor of 3404?
False
Does 100 divide 6578?
False
Is 672 a multiple of 21?
True
Is 8 a factor of 320?
True
Is 63 a factor of 16821?
True
Is 7866 a multiple of 15?
False
Is 3080 a multiple of 88?
True
Is 12 a factor of 23352?
True
Does 108 divide 16544?
False
Is 10 a factor of 1663?
False
Is 1170 a multiple of 26?
True
Is 46 a factor of 11710?
False
Does 16 divide 7095?
False
Does 43 divide 1505?
True
Is 7 a factor of 1155?
True
Is 215 a factor of 31354?
False
Does 6 divide 2964?
True
Does 66 divide 528?
True
Is 84 a multiple of 8?
False
Does 343 divide 62769?
True
Is 15 a factor of 74524?
False
Does 25 divide 1000?
True
Does 20 divide 26764?
False
Is 756 a multiple of 28?
True
Is 362 a multiple of 41?
False
Is 8 a factor of 14853?
False
Is 61 a factor of 6267?
False
Is 94452 a multiple of 68?
True
Is 11 a factor of 16313?
True
Is 67031 a multiple of 12?
False
Does 114 divide 8436?
True
Does 25 divide 1225?
True
Is 846 a multiple of 6?
True
Does 20 divide 1172?
False
Is 43611 a multiple of 27?
False
Does 4 divide 65?
False
Is 11 even?
False
Does 4 divide 159?
False
Is 11 a factor of 2992?
True
Is 5 a factor of 595?
True
Does 9 divide 413?
False
Is 14127 a multiple of 8?
False
Is 143 a multiple of 55?
False
Is 129 a multiple of 129?
True
Is 11 a factor of 17?
False
Does 20 divide 199?
False
Is 7506 a multiple of 14?
False
Is 12273 a multiple of 11?
False
Does 45 divide 12592?
False
Is 29016 a multiple of 78?
True
Is 1387 a multiple of 100?
False
Is 45 a factor of 1419?
False
Is 121 a factor of 6901?
False
Is 16616 a multiple of 67?
True
Does 3 divide 292?
False
Does 54 divide 22626?
True
Is 4107 a multiple of 7?
False
Is 2640 a multiple of 11?
True
Is 21 a factor of 924?
True
Is 1942 a multiple of 19?
False
Does 13 divide 39663?
True
Does 31 divide 79?
False
Does 13 divide 120?
False
Is 110 a multiple of 9?
False
Is 24122 a multiple of 12?
False
Is 5648 a multiple of 16?
True
Is 4420 a multiple of 19?
False
Is 3 a factor of 5564?
False
Is 5 a factor of 1343?
False
Is 18 a factor of 270?
True
Is 6948 a multiple of 48?
False
Is 3 a factor of 108?
True
Is 1387 a multiple of 73?
True
Is 8184 a multiple of 33?
True
Does 55 divide 935?
True
Is 27 a factor of 7225?
False
Is 8932 a multiple of 22?
True
Does 5 divide 55?
True
Is 864 a multiple of 24?
True
Is 1850 a multiple of 50?
True
Does 32 divide 1792?
True
Is 1754 a multiple of 37?
False
Is 12 a factor of 200?
False
Does 30 divide 2100?
True
Is 294 a multiple of 3?
True
Is 16 a factor of 18288?
True
Is 35032 a multiple of 116?
True
Is 99 a factor of 2126?
False
Does 10 divide 5700?
True
Is 450 a multiple of 45?
True
Is 447 a multiple of 7?
False
Is 24453 a multiple of 171?
True
Does 19 divide 4335?
False
Does 32 divide 26679?
False
Is 15450 a multiple of 15?
True
Is 57 a factor of 1653?
True
Does 34 divide 510?
True
Does 21 divide 7968?
False
Is 96 a factor of 3826?
False
Is 16074 a multiple of 141?
True
Does 78 divide 127608?
True
Does 74 divide 33865?
False
Is 11520 a multiple of 72?
True
Is 33136 a multiple of 199?
False
Is 6306 a multiple of 32?
False
Is 54 a factor of 1350?
True
Is 83 a factor of 913?
True
Is 4892 a multiple of 30?
False
Is 6270 a multiple of 12?
False
Does 9 divide 1638?
True
Does 23 divide 2969?
False
Does 254 divide 3113?
False
Is 144 a factor of 10858?
False
Is 12174 a multiple of 22?
False
Is 20925 a multiple of 27?
True
Is 955 a multiple of 6?
False
Is 216 a multiple of 4?
True
Is 47 a factor of 517?
True
Is 5013 a multiple of 13?
False
Is 2133 a multiple of 12?
False
Is 2 a factor of 128?
True
Does 5 divide 5388?
False
Is 40 a factor of 539?
False
Is 22680 a multiple of 18?
True
Is 3233 a multiple of 24?
False
Does 32 divide 3329?
False
Does 114 divide 1938?
True
Is 19 a factor of 21855?
False
Does 9 divide 557?
False
Does 90 divide 3060?
True
Does 9 divide 639?
True
Is 12 a factor of 336?
True
Is 5771 a multiple of 3?
False
Does 45 divide 450?
True
Does 22 divide 48948?
False
Is 110 a factor of 523